p(-5).
-201
Let d(l) = 15*l + 114. What is d(-7)?
9
Let o(b) = -b**2 - 4*b + 85. Determine o(-11).
8
Let n(k) = k**2 + 13*k - 10. What is n(-15)?
20
Let k(j) = j**2 + 38. What is k(0)?
38
Let v(s) = -2*s - 7. Calculate v(0).
-7
Let o(w) = 2*w**2 + 30*w + 111. Calculate o(-6).
3
Let r(s) = 7*s - 306. What is r(37)?
-47
Let p(y) = 8*y - 287. Give p(35).
-7
Let f(w) = -w**2 + 152. What is f(0)?
152
Let w(r) = -r**2 - 3*r + 5. Give w(-4).
1
Let z(b) = b**2 - 13*b + 38. What is z(12)?
26
Let j(h) = -h**2 - 16*h - 48. Calculate j(-16).
-48
Let v(t) = -5*t - 4. Determine v(0).
-4
Let j(k) = 18*k - 1. Determine j(-2).
-37
Let y(r) = -r**3 - 10*r**2 - 7*r - 4. Determine y(-8).
-76
Let m(g) = 4*g**2 - 8*g + 7. Give m(1).
3
Let c(s) = -s**3 + 3*s**2 + 3*s + 7. Calculate c(5).
-28
Let c(u) = 2*u**2 + 59*u + 29. Give c(-29).
0
Let y(d) = 2*d**2 - 5*d - 91. Give y(0).
-91
Let h(u) = -u**2 - 21*u - 47. Determine h(-19).
-9
Let y(n) = n**3 + 14*n**2 + 13*n. Give y(-13).
0
Let f(k) = -k**3 + 9*k**2 - 10*k - 30. Determine f(7).
-2
Let m(b) = b**2 + 16*b - 414. Calculate m(14).
6
Let n(o) = o**3 - 14*o**2 - 50*o - 3. Give n(17).
14
Let z(u) = 2*u + 3. What is z(-3)?
-3
Let j(u) = -2*u**2 + 5*u + 11. Calculate j(6).
-31
Let l(v) = -2*v**2 - 3*v - 1. Calculate l(-2).
-3
Let x(g) = 2*g**2 - 28*g - 6. Calculate x(8).
-102
Let w(i) = 2*i**3 - 4*i**2 - 3*i. What is w(-2)?
-26
Let k(t) = t**2 - 35. What is k(0)?
-35
Let i(z) = -z**2 + 10*z - 7. What is i(6)?
17
Let l(v) = -8*v - 47. What is l(-5)?
-7
Let i(o) = o**3 + 13*o**2 - 32*o - 36. Calculate i(-15).
-6
Let h(q) = 8*q - 44. Calculate h(6).
4
Let t(s) = 2*s**2 + 10*s + 10. Give t(-6).
22
Let w(m) = m**2 - 25*m + 41. Calculate w(23).
-5
Let g(w) = -w**2 - 5*w + 5. Calculate g(-6).
-1
Let a(u) = u**3 + u**2 - 2*u. Determine a(-3).
-12
Let x(l) = -9*l - 9. What is x(-3)?
18
Let n(l) = -l**3 - 6*l**2 - 2*l - 2. Calculate n(-6).
10
Let d(j) = j**3 + 13*j**2 + 12*j - 10. What is d(-12)?
-10
Let j(s) = -s**2 + 5*s + 4. Determine j(5).
4
Let v(r) = -3*r - 49. Calculate v(-25).
26
Let s(i) = -i**2 + 7*i + 1. What is s(8)?
-7
Let q(h) = -10*h**2 - h + 1. Give q(-2).
-37
Let j(u) = u**3 + 4*u**2 + 12. Give j(-5).
-13
Let k(c) = -c**3 - 12*c**2 - 2*c - 15. Calculate k(-12).
9
Let y(q) = -q**3 + 3*q**2 + 3*q - 2. Calculate y(4).
-6
Let w(b) = -b**3 - 12*b**2 + 22*b + 124. Determine w(-13).
7
Let s(f) = 79*f - 463. Determine s(6).
11
Let l(x) = -x + 16. Calculate l(8).
8
Let g(h) = -4*h - 3. Give g(3).
-15
Let p(j) = j + 8. What is p(-4)?
4
Let h(b) = b**2 - b. What is h(-3)?
12
Let i(a) = a**2 + a - 7. Give i(3).
5
Let v(k) = -k**3 - 3*k**2 - 5*k - 8. Determine v(-3).
7
Let y(k) = 9*k - 7. Give y(6).
47
Let s(z) = z**2 + 12*z - 18. Determine s(-8).
-50
Let a(t) = t**3 - 11*t**2 - 14*t + 29. Determine a(12).
5
Let a(h) = h**2 + 13*h + 34. Give a(-5).
-6
Let m(u) = 5*u**2 + 2*u - 7. Determine m(3).
44
Let m(z) = -z**2 + 7*z - 9. Give m(5).
1
Let m(d) = -d**3 + 8*d**2 - 7*d + 5. Give m(7).
5
Let g(o) = -3*o**3 - o**2 + o - 2. Give g(-2).
16
Let f(b) = 7*b + 59. What is f(-6)?
17
Let b(u) = -u**3 - 10*u**2 - 29*u - 7. Calculate b(-5).
13
Let a(l) = -2*l - 3. Give a(0).
-3
Let i(t) = 2*t**2 + 2*t. Give i(-2).
4
Let k(a) = -a**3 + 2*a**2 - 3*a + 7. Calculate k(0).
7
Let z(v) = 9*v + 43. Calculate z(-4).
7
Let p(l) = -l**3 + 6*l**2 + 3*l - 3. Calculate p(7).
-31
Let q(g) = -2*g + 36. Determine q(18).
0
Let s(l) = l**3 - 7*l**2 - 6*l + 30. Determine s(7).
-12
Let m(a) = -a**2 + 26*a - 149. Calculate m(17).
4
Let a(n) = n**3 + 6*n**2 - 8*n - 13. Determine a(-7).
-6
Let d(y) = -y**2 - 13*y + 5. What is d(-12)?
17
Let b(u) = u**2 + 11*u + 21. Determine b(-4).
-7
Let d(l) = -l**2 + 9*l - 1. Calculate d(9).
-1
Let f(j) = -j**2 + 9*j + 2. Calculate f(4).
22
Let l(d) = d**2 - 3*d + 17. What is l(7)?
45
Let z(m) = m**3 + 12*m**2 - 2*m - 23. Give z(-12).
1
Let y(x) = -4*x - 36. Determine y(-9).
0
Let j(f) = 3*f - 17. Calculate j(-13).
-56
Let o(p) = -p**2 + 11*p - 3. What is o(-3)?
-45
Let x(f) = f**2 - 10*f + 1. Calculate x(8).
-15
Let g(f) = f**3 - 13*f**2 + 10*f + 16. Determine g(12).
-8
Let t(l) = -34*l - 244. Give t(-7).
-6
Let v(u) = -u**3 + 7*u**2 + 9*u - 16. Calculate v(6).
74
Let q(s) = -s**3 + 3*s**2 + 2*s + 2. Determine q(2).
10
Let h(p) = p**3 - 3*p**2 + p - 15. Give h(5).
40
Let i(v) = -2*v**3 - 6*v**2 + 2*v - 1. Determine i(-3).
-7
Let m(h) = -3*h - 52. What is m(-14)?
-10
Let p(h) = h**3 - 15*h**2 + 2*h - 18. Give p(15).
12
Let q(u) = 13*u - 3. Determine q(2).
23
Let t(u) = -u**2 + 5*u + 1. What is t(-4)?
-35
Let a(p) = -6*p**2 - 47*p + 17. Give a(-8).
9
Let l(s) = 2*s**3 - 111*s**2 - 56*s - 11. Determine l(56).
-11
Let p(x) = 5*x**2 + 45*x + 6. Give p(-9).
6
Let c(g) = -4*g + 22. Calculate c(8).
-10
Let z(k) = -k**3 + 15*k**2 - k + 10. What is z(15)?
-5
Let z(p) = -p**2 - p + 3. Calculate z(4).
-17
Let r(h) = 3*h**2 + 14*h - 39. Give r(-7).
10
Let a(h) = -h**3 - 6*h**2 + 4*h - 9. Calculate a(-7).
12
Let m(r) = 18*r**2 - r + 4. Give m(2).
74
Let p(q) = -3*q**2 - 16*q - 9. Determine p(-4).
7
Let k(d) = -29*d - 436. Determine k(-15).
-1
Let n(z) = 8*z - 5. Give n(12).
91
Let y(c) = -2*c**2 - 12*c - 6. What is y(-4)?
10
Let d(z) = -z**3 - 15*z**2 + 13*z + 6. Give d(-16).
54
Let f(z) = 11*z**3 + z**2 + 5*z + 3. What is f(-1)?
-12
Let m(v) = 2*v + 11. Determine m(5).
21
Let f(l) = l**3 + 11*l**2 - 76. Give f(-10).
24
Let m(h) = h**3 - 10*h**2 - 9*h + 78. Determine m(10).
-12
Let m(a) = 5*a + 72. What is m(-15)?
-3
Let p(a) = 31*a**3 + a**2 + 2*a - 2. What is p(1)?
32
Let g(h) = -9*h**3 - 90*h**2 + h + 14. What is g(-10)?
4
Let c(w) = -w**2 + 22*w - 13. Determine c(21).
8
Let a(d) = -d**3 - 2*d - 3. Give a(0).
-3
Let v(o) = o**3 - o**2 + 5. What is v(0)?
5
Let p(u) = -u**2 - 14*u + 4. Give p(-14).
4
Let l(m) = 2*m**2 + 2*m - 32. Determine l(0).
-32
Let l(o) = o**3 + 5*o**2 - 6*o - 43. Calculate l(-5).
-13
Let d(q) = -5*q - 6. Give d(5).
-31
Let q(i) = i**3 - 20*i**2 - 3*i + 50. What is q(20)?
-10
Let p(i) = -i**2 + 11*i - 59. Give p(10).
-49
Let f(z) = -z**3 - 21*z**2 - 37*z + 27. Give f(-19).
8
Let z(q) = -q + 9. What is z(6)?
3
Let t(f) = 14*f + 44. Determine t(-9).
-82
Let d(p) = p**2 + 33*p + 39. What is d(-25)?
-161
Let b(g) = -g - 14. Calculate b(6).
-20
Let k(w) = 7*w**2 - 3*w + 5. Give k(2).
27
Let h(z) = z**2 - 73. Determine h(-8).
-9
Let h(q) = 4*q**3 - 6*q - 1. Determine h(2).
19
Let c(y) = y**3 - 5*y**2 + 5*y + 2. Calculate c(4).
6
Let m(t) = -7*t - 6. Determine m(-2).
8
Let m(z) = -z**3 + 4*z**2 + 7*z - 5. Give m(5).
5
Let o(k) = k**2 - 5*k - 1. What is o(7)?
13
Let t(m) = -m**3 + 4*m**2 + 3*m - 6. Calculate t(6).
-60
Let w(x) = 8*x - 13. Give w(0).
-13
Let m(d) = -d**2 - 22*d + 12. Calculate m(-17).
97
Let w(n) = 21*n + 192. Determine w(-9).
3
Let u(s) = -2*s - 40. Determine u(-22).
4
Let z(m) = 2*m**2 + 16*m - 14. Determine z(-9).
4
Let p(d) = d - 4. Determine p(0).
-4
Let p(n) = -2*n**2 + 12*n - 17. Give p(7).
-31
Let f(l) = -l**3 - 9*l**2 - 3*l + 6. What is f(0)?
6
Let t(s) = 9*s - 1. Determine t(-2).
-19
Let c(j) = j**3 + 32*j**2 + j - 65. What is c(-32)?
-97
Let i(a) = -11*a - 12. What is i(-6)?
54
Let w(k) = -2*k**2 - 5*k - 5. What is w(5)?
-80
Let m(l) = -l**2 + 23*l - 47. What is m(21)?
-5
Let l(n) = 2*n**2 + 73*n + 102. Give l(-35).
-3
Let g(v) = -v + 5. What is g(12)?
-7
Let a(h) = 3*h - 2. What is a(2)?
4
Let p(c) = -c**3 - 13*c**2 - c - 11. What is p(-13)?
2
Let w(v) = -v**2 + 82*v - 443. Calculate w(6).
13
Let j(q) = -q**3 + 11*q**2 - 7*q - 13. Calculate j(10).
17
Let z(q) = q**2 - 10*q + 21. Calculate z(4).
-3
Let m(x) = x**3 - 7*x**2 - 5*x. Calculate m(8).
24
Let w(y) = -y**2 + 13*y - 18. What is w(2)?
4
Let f(l) = 13*l**2 - 45*l - 5. Calculate f(3).
-23
Let r(w) = w**3 + w**2 + w + 85. What is r(0)?
85
Let h(k) = 2*k**2 - 15*k - 6. Give h(7).
-13
Let z(u) = 2*u**3 + 5*u**2 - 2*u + 5. What is z(-4)?
-35
Let i(a) = a**2 + 4*a - 6. What is i(8)?
90
Let i(z) = 6*z - 5. Determine i(14).
79
Let v(h) = 2*h**2 + 14*h - 41. Give v(5).
79
Let i(k) = -7*k + 12. Determine i(8).
-44
Let o(q) = -q**3 + 7*q**2 - 4*q + 12. Calculate o(7).
-16
Let p(w) = -w**3 + 12*w**2 - 21*w + 13. What is p(10)?
3
Let x(d) = 6*d + 11. Calculate x(16).
107
Let t(q) = -3*q + 1. Give t(-4).
13
Let p(w) = 18*w**3 - w**2 - w - 2. Calcul